et g = l - 77. Let y = 43 + g. List the prime factors of y.
19
Let r(s) = s**3 - 16*s**2 - 12*s - 22. Let y be (-2)/4*(-492)/6. Suppose -y = -3*h + 10. What are the prime factors of r(h)?
3, 7
Let p = 88 + -106. Let x(k) = k**2 - 5*k + 4. Let d be x(-5). Let r = d + p. What are the prime factors of r?
2, 3
Let f be (-4)/(-12) - 38/6. List the prime factors of 116/3*(-9)/f.
2, 29
Suppose 4*k - 3437 = -k - 4*u, 2*u = 6. What are the prime factors of k?
5, 137
Let y be ((-4)/4 - -1) + 3. Let j be (-36)/(y + 18/(-4)). Let w = -8 + j. What are the prime factors of w?
2
Let c = -56 - -43. Let w = 4 + -19. Let o = c - w. List the prime factors of o.
2
Let o(f) = -f**3 + 14*f**2 + 25*f - 14. Let z be (-2)/(-4) + 2/(-4) - -15. What are the prime factors of o(z)?
2, 17
Suppose -2*s + 0 + 4 = 0. Suppose -4*d - 5*l + 1 = -75, 12 = s*d - 4*l. What are the prime factors of d?
2, 7
Suppose -52 = -5*j - x, -j + 4*x + 0 = -2. Let g = j + -7. Suppose 0 = 2*m + 5*r - 20, g = 3*r + 9. List the prime factors of m.
3, 5
Let r(c) = c**2 + 24*c + 61. What are the prime factors of r(-29)?
2, 103
Suppose 4 = 5*o + 3*k, -4*o + k = -0*k - 10. Suppose o*s - 30 = -0*s. Let c = s - 13. What are the prime factors of c?
2
Suppose 7*m - 4*t = 3*m + 32, -2*m - 4*t + 22 = 0. List the prime factors of m.
3
Suppose -n + u + 119 = n, 5*u + 5 = 0. Let f be (-2091)/(-34)*4/6. Suppose -4*c + c = -2*d - n, -f = -2*c + 3*d. List the prime factors of c.
19
Suppose -2*d = 3*x + x - 218, 5*d = 3*x - 131. What are the prime factors of -2 + 13/x + (-702)/(-8)?
2, 43
Let z be 1964/14 + 6/(-21). List the prime factors of (-83)/(-7) - (-20)/z.
2, 3
What are the prime factors of 8/(-2) + (520 - 10)?
2, 11, 23
Suppose 4*n = 61*k - 62*k + 1949, -5*k + 3*n + 9837 = 0. What are the prime factors of k?
3, 5, 131
Let k(j) = j**2 - j + 8. Let y be k(-6). Suppose y - 155 = -5*q. What are the prime factors of (-2)/6 + 658/q?
31
What are the prime factors of 25416/(-27)*6/(-4)?
2, 353
Let u(d) = 5*d**3 + 7*d**2 - 3*d - 12. What are the prime factors of u(4)?
2, 3, 17
List the prime factors of (204/24)/(-2*4/(-2080)).
2, 5, 13, 17
Let w(d) = 2 + 8 + d**2 - 7*d + 7. What are the prime factors of w(8)?
5
List the prime factors of 1664/78*18/4.
2, 3
Let q(d) = d**2 - 14*d + 13. Let x be q(13). Suppose 3*j + m - 98 = x, -2*m + 4*m + 92 = 3*j. What are the prime factors of j?
2
Let l be 1/2 - (-15)/10. Suppose -l*g = 3*g + 205. Let q = g - -77. List the prime factors of q.
2, 3
Let a be (-2)/(-2)*(1 - 5). Let l be (-4)/a*3*1. Let n(m) = 4*m**2. List the prime factors of n(l).
2, 3
Suppose 4*k + 324 = 8*k + 4*h, 5*k + 3*h - 407 = 0. Suppose 5*b + 108 - 25 = 3*z, 5*z = b + 175. Let c = k - z. List the prime factors of c.
2, 23
Let s = -1711 - -3242. List the prime factors of s.
1531
Let h(m) = -45*m**2 + m + 6. Let s(l) = 91*l**2 - 2*l - 13. Let c(f) = -13*h(f) - 6*s(f). Let p be c(1). Suppose -5*y - p = -118. List the prime factors of y.
2
Let k(r) = 6*r**3 + r**2 + 2*r - 5. Let x(m) = -m**2 + 13*m + 2. Let z be x(13). List the prime factors of k(z).
3, 17
Suppose -3*c = 2*u - 11235 + 842, u - 5198 = -3*c. What are the prime factors of u?
5, 1039
Let i(b) = 198*b + 12. What are the prime factors of i(3)?
2, 3, 101
Let t(l) be the first derivative of -1/3*l**3 + 2 + 1/2*l**2 - 15*l**4 + 2*l. What are the prime factors of t(-1)?
2, 3, 5
Suppose 0 = 2*q - 16*q. Suppose -4*r + 441 - 101 = q. List the prime factors of r.
5, 17
Let h = -29 + 98. What are the prime factors of 8/(-6)*h/(-2)?
2, 23
Let i be (-25)/(-9) - 28/(-126). Suppose 2*s = -i*o + 22 + 34, 4*o = 16. Suppose 5*l = s + 43. What are the prime factors of l?
13
Let g be 808/(-6) - (0 - 2/(-6)). List the prime factors of (-36420)/g + (-2)/(-9).
2, 3, 5
Let s = 44 + -50. What are the prime factors of 6 + s + 3 - -249?
2, 3, 7
Suppose 0 = -2*k + 4*k - 6. Let x(l) = 2*l**3 - 5*l**2 + l + 2. Let n be x(k). List the prime factors of 341/7 + n/49.
7
Let g be 2/(-2) + 3 + -2 + 2. Let n(j) = 7*j**3 - j**2 + 4. List the prime factors of n(g).
2, 7
Suppose -144*i - 9980 = -164*i. List the prime factors of i.
499
Let y(g) = -g**3 + 4*g**2 - 5*g + 3. Let q be y(3). Let c be q/3 - -1 - 13. Let k = c + 16. What are the prime factors of k?
3
Suppose -3*s - p = -6*p - 203, 0 = -5*s - p + 357. Let m = s - 68. What are the prime factors of m?
3
Let v be 26*(-1 - 9/(-6)). Suppose o + v - 20 = 0. List the prime factors of o.
7
Suppose -2*q + 8*f + 84 = 10*f, 58 = q - 3*f. List the prime factors of q.
2, 23
Let p(k) = k**3 - 7*k**2 + 7*k + 3. Let x be p(6). Let r be x/(-6)*(-1 + -1). Suppose -r*y - 77 = -4*b, -4*y + 30 = 3*b - 34. What are the prime factors of b?
2, 5
Suppose -4*r = -3*r - y - 14, -3*y = 2*r - 18. Let v = r - 11. Suppose v = -5*g + 181. List the prime factors of g.
2, 3
Suppose 3*p - 373 = 50. List the prime factors of p.
3, 47
Suppose 0 = -5*o - c + 12, -5*c + 6 = -2*c. Suppose 0 = -o*r - 5*v - 30, -v = r + 19 - 1. Let s = -8 - r. List the prime factors of s.
2, 3
Suppose -5*z + 5*h = -2050, 2*z + 4*h = 8*h + 816. What are the prime factors of z?
2, 103
Let s = -5919 - -9906. What are the prime factors of s?
3, 443
Let z(m) = -4*m**2 - 3*m + 1. Let t be z(1). List the prime factors of (-1081)/(-8) - t/(-48).
3, 5
Let l = -535 + 863. What are the prime factors of l?
2, 41
Suppose 5*g = -2*w - 0*w - 11, -g + 1 = 2*w. Suppose f = -w*f + 12. Suppose -f*p + 9 = -59. List the prime factors of p.
17
Let m(b) = -b**3 + 12*b**2 - 18*b - 1. Let p be m(10). Let g(r) = 19*r + 1. Let x be g(2). Let u = x - p. List the prime factors of u.
2, 5
Let r(b) = -2*b**3 - 14*b**2. Let s be r(-7). What are the prime factors of 143/52*(32 - s)?
2, 11
Suppose -6 - 264 = -15*k. List the prime factors of (-4 + k)/((-6)/(-111)).
7, 37
Let z(h) = 82*h - 28. Let v be z(2). Let r = -131 + v. List the prime factors of r.
5
Let k(f) = -20*f**3 - 20*f**2 - 35*f - 19. Let q(i) = -7*i**3 - 7*i**2 - 12*i - 6. Let j(a) = 6*k(a) - 17*q(a). List the prime factors of j(-5).
2, 59
Suppose -19*d + 28909 = -14582. List the prime factors of d.
3, 7, 109
Let i be 4*(-2)/(0 - 4). Suppose -i*t + 17 + 251 = 0. What are the prime factors of t?
2, 67
Let c be ((-1)/2)/(4/56). Let d(x) = -3*x + 5. Let s be d(c). Let y = 40 - s. What are the prime factors of y?
2, 7
Let h(m) = 2*m**3 - 7*m**2 - 3. Let q be h(4). Suppose -q*x + 800 = -9*x. What are the prime factors of x?
2, 5
Suppose -2*l - l + 168 = 0. Let s be (-7)/(l/60)*-2. Suppose 2*r + 21 = 2*c - s, 0 = -5*c + 4*r + 90. What are the prime factors of c?
2, 3
Suppose 6*g = -15 - 9. Let l(m) = 2*m**2 - 3*m + 11. Let n(q) = -q**2 + 2*q - 5. Let f(s) = 3*l(s) + 5*n(s). What are the prime factors of f(g)?
2, 5
Let h(t) = t**3 - 11*t**2 + 9*t + 5. Let n be h(7). Let v = -66 - n. List the prime factors of v.
2, 31
Let a(h) = -8*h + 25. Let l be a(-5). What are the prime factors of (l - (-6)/(-2)) + -2?
2, 3, 5
Suppose 0 = b - 4. Suppose 0 = -v + h + 50, -2*v - b*h = -4*v + 102. List the prime factors of v.
7
Suppose -2*z + g = -1031, 0 = -0*g + 4*g + 12. What are the prime factors of z?
2, 257
Let n(v) = 2*v**2 - 3*v + 4. Let g be n(-5). Let r = g + -10. Suppose 5*f = -4*l + r, 4 = -f - 1. What are the prime factors of l?
3, 7
Suppose 0 = -5*i + 4*x - 3*x + 3558, -2*i + 1437 = -5*x. What are the prime factors of i?
3, 79
Let y = -2400 + 3418. List the prime factors of y.
2, 509
Suppose 2*i - 4 = -2*i, 3*i + 110 = s. Suppose -5*z - 4*w = -s, -w = -5*z - 2*w + 107. What are the prime factors of z?
3, 7
Let c = 3 - -14. Suppose -4*g + 314 = 2*j, -j = -g + c + 66. List the prime factors of g.
2, 5
Let t be -2 - -3 - 13 - -1. Let u be 6/((-4)/2)*(-50)/2. Let q = u + t. List the prime factors of q.
2
Suppose 7*n + 764 - 8254 = 0. List the prime factors of n.
2, 5, 107
What are the prime factors of 4 + -252*(-46)/4?
2, 1451
Let x = 1776 + -1539. List the prime factors of x.
3, 79
Suppose 5*q - 5*j - 847 = -3*j, q + 5*j - 191 = 0. Suppose 1235 = 7*s + q. List the prime factors of s.
2, 19
Let w = 32 + -30. Suppose -2*a - s = a - w, -2*a = s. Suppose 5*m + 5*h = 6*m - 15, 5*m = a*h + 190. List the prime factors of m.
2, 5
Let p(r) = -r**2 - 5*r + 8. Let w be p(-6). Let y(f) = 2*f + 13 - w - 3*f. What are the prime factors of y(0)?
11
Suppose -138 = -4*k + 54. List th